t is the units digit of t?
8
Suppose d + 4*d = 65. Suppose -938 - 154 = -d*a. Suppose 2 = 2*r, 0*r + 4*r + a = 2*l. What is the tens digit of l?
4
Let j = -228 + 268. Suppose j*s + 970 = 45*s. What is the hundreds digit of s?
1
Let z = 101 - -359. Let o = -127 + z. What is the units digit of o?
3
Let b = -3729 - -4909. What is the tens digit of b?
8
Let c = -30884 - -62815. What is the tens digit of c?
3
Let m(p) = -p**2 - 5*p - 6. Let u be m(-8). Let b be 32 + u - (0 - (0 - 0)). Suppose -b*l + 228 = l. What is the tens digit of l?
7
Let n be ((291*-2)/(-3))/((-1)/(-23)). Suppose -4*m + z = -2*m - n, 3*z - 2238 = -m. Suppose -12*y + m = -0*y. What is the tens digit of y?
8
Let m(x) = -1520*x**3 - x**2 + x. Let c be m(-1). Let i = c - 900. What is the tens digit of i?
1
What is the units digit of (-51 + 38)/((-3)/(-12)*(-2)/97)?
2
Let u(g) = -g**3 - 5*g**2 - 7*g - 5. Let i be u(-3). Let p be (4/((-24)/74))/(i/12). Let a = p + -54. What is the units digit of a?
0
What is the tens digit of 1908*(-1 - (-57)/38)?
5
Let w(s) = -22*s - 47. Let v = -21 + -61. Let a = v + 74. What is the tens digit of w(a)?
2
What is the tens digit of (-3)/(33/(-4))*519761011/3514?
8
Let q = -138 + 143. Suppose q*r = 3*k - 338, 0*r - r = -5*k + 600. What is the tens digit of k?
2
What is the units digit of ((-396312)/112)/(6/16*-2)?
8
Suppose -4*l + 0*l + 5*v = -1614, 2*v = -4*l + 1628. Let i = -339 + l. What is the tens digit of i?
6
Let k be -312*(2/18)/((-39)/2691). Let z = k - 1352. What is the hundreds digit of z?
0
Suppose 4*n = -n - 5*m + 85, -4*m = -n + 42. Suppose n*i = -23*i + 21825. What is the tens digit of i?
8
Suppose 2*n + 306 = 3*s, -3*s + 0*s - 282 = 2*n. What is the hundreds digit of (-28)/(-9 - 1295/n)?
1
Let f = -45 + 46. Let g be (-6*f/2 - -2) + 142. Suppose -2*d = -g - 147. What is the tens digit of d?
4
Suppose -3*v + 4 = 2*r - 19, 5*r = -3*v + 35. Suppose -r*o + 5*z + 7717 = 0, -7*o + 6*o + 3*z = -1938. What is the thousands digit of o?
1
Let r(c) = 2*c**3 - 10*c**2 + 30*c - 558. What is the tens digit of r(13)?
3
What is the ten thousands digit of ((-5)/((-50)/(-15)))/(21/596792*-2)?
2
Let m be (28/6)/((-19)/114). Let h(g) = g**3 + 29*g**2 + 10*g - 46. What is the tens digit of h(m)?
5
Let b be (-187)/(-2)*(-19 - -25). Let t = -131 + b. What is the tens digit of t?
3
Let d(o) = 81*o**2 - 1. Let h be d(1). Suppose l = -3*l + 8. Suppose 2*f - h = 4*x, 0 = -f + l*x - x + 45. What is the tens digit of f?
5
Suppose 390 = 5*i + 60. Let b be i/(39/(-14) - -3). Suppose -2 - b = -5*z. What is the tens digit of z?
6
What is the hundreds digit of 3/(-5) - 41/5*-433?
5
Suppose 149*u - 21666 = 142*u + 7755. What is the thousands digit of u?
4
Let j(s) = -2954*s - 56. What is the tens digit of j(-1)?
9
Suppose c + 4*s - 3637 = 0, -375*c + 380*c = -5*s + 18170. What is the thousands digit of c?
3
What is the thousands digit of -6*(-2)/18 + (-257784)/(-72)?
3
Let x = -78 - -166. What is the tens digit of (-1306)/(-8)*1 - 22/x?
6
Suppose 0 = a + 4*s - 20251, -5*a + a = -s - 81055. What is the hundreds digit of a?
2
Let k = 309 + -314. What is the units digit of 45*(4 - k) + -2 + 3?
6
Suppose j - 4*b = -120, -2*j = -2*b + 155 + 85. Let y = -43 - j. What is the tens digit of y?
7
Suppose -5*z + 0*z = 5. Suppose -2*s - 16 = -a + 2*s, 5*s + 20 = 0. What is the tens digit of 66 - ((-2)/z + a)?
6
Let o(f) = -6*f + 9. Let q be o(3). Let b be ((-48)/q)/((28/216)/7). Suppose -r = 2*h - 0*r - b, -572 = -4*h - 4*r. What is the hundreds digit of h?
1
Let p(c) = -c**2 + 13*c + 12. Let o be p(13). Let l = o - 127. Let j = l - -213. What is the units digit of j?
8
Let y(q) = 2*q**3 + q + 180. Let s be y(0). Suppose -6*t - s + 240 = 0. What is the units digit of t?
0
Suppose 5*n - 30 = -5*z, -10*z + 3*n + 14 = -5*z. Suppose -x + 5*c = z*c - 135, -c - 271 = -2*x. What is the units digit of x?
6
What is the ten thousands digit of (-14)/(-105)*34416*120/48?
1
Let l(g) = 7*g**2 - 67*g - 1268. What is the units digit of l(66)?
2
Let s be 42/63 - (0 - 682/(-6)). Let r = s + 559. What is the tens digit of r?
4
Suppose -16 = 3*d + r, 5*d - r + 17 = 1. Let g = d + -11. What is the tens digit of (-7 + 4)*590/g?
1
Suppose -2*d = 9*d - 17820. Suppose 5*x - 5*r - 2255 = 0, 4*r + 295 = -3*x + d. What is the hundreds digit of x?
4
Let d(g) = 5*g**2 - 14*g + 9. Let q be d(5). What is the units digit of (-1)/(-8) + 184/q + 94?
7
Let t = -347 - -349. What is the units digit of (0 + (-2)/t)/(7/(-1953))?
9
Let c = 3 - 105. Let s(t) = -2*t**3 + 22*t**2 - 37*t + 20. Let o be s(10). Let p = c - o. What is the tens digit of p?
4
Let h(u) be the second derivative of -7/2*u**2 + 0 + 11/3*u**3 + 17*u. What is the units digit of h(3)?
9
Let z(p) = 3631*p + 1009. What is the hundreds digit of z(6)?
7
Let r be (1 - 0) + 17/1. Suppose -7*j = -10*j + r. Let s = 12 - j. What is the units digit of s?
6
Suppose 2*u - 6*x = 0, -2*x = 8*u - 13*u. Suppose u = 4*k + 5*r - 2719, -682 = -k + 3*r - 5*r. What is the tens digit of k?
7
Let c(t) be the first derivative of 2*t**3/3 + 3*t**2/2 + 26*t - 1. Let v be 1*(-2 + 6) - -4. What is the units digit of c(v)?
8
Let z(f) = 10*f**2 - 9*f - 119. What is the hundreds digit of z(-25)?
3
Let m be 2/2 - (-968 + 36). Suppose 3*l + m = 5*j - 0, -2*j + 5*l + 377 = 0. What is the hundreds digit of j?
1
Let r(p) = -p**3 - 4*p**2 + 10*p - 14. Let b be r(-6). What is the tens digit of (6 + (-154)/4)*b?
6
Suppose -2*k = -3*w + 4, w - 5*k = -4*w. Let c be w - (49 - (-6)/(-2)). Let z = c - -51. What is the units digit of z?
9
Let q(r) = -r**2 - 17*r + 6. Let m be q(-16). Suppose 0 = 25*a - m*a - 1269. Suppose -a - 812 = -5*v. What is the tens digit of v?
4
Let r(l) = -592*l + 3015. What is the hundreds digit of r(-53)?
3
Suppose -10*i = -171 + 101. Suppose -40*o = i*o - 55507. What is the hundreds digit of o?
1
Let s(h) = -h**2 - 685*h - 2459. What is the hundreds digit of s(-181)?
7
Let j(g) = 853*g**2 + 555*g - 1109. What is the tens digit of j(2)?
1
Let q(m) = -6*m**2 + 5*m - 1. Let u be q(2). What is the units digit of 439 - u/(-10)*2?
6
Let i be 5/((-24)/36 + (-5)/(-3)). Suppose 5*a = i*v + 5, v + 0*v + 1 = 5*a. Suppose a*q + 5*q = 2*x - 35, -2*x + q + 31 = 0. What is the tens digit of x?
1
Suppose -5*t = g - 13 - 16, -2*t = -g - 6. What is the hundreds digit of (-8 - -114) + t/1?
1
Let d(x) = x**3 + 12*x**2 - 7*x - 5. Suppose 0 = 2*v + 6, -5*z - 36 = -2*v + 4*v. Let y be d(z). Suppose 5*g = 217 + y. What is the units digit of g?
4
Let t(c) = -2051*c + 5347. What is the ten thousands digit of t(-34)?
7
Let f = -39 - -84. Suppose -41*k = -f*k + 28. What is the units digit of k?
7
Let z be (-2)/7 - 90/(-70). What is the tens digit of (3 - -1)*z - -522?
2
Let s = 2358 + 2010. Let f be 5/(35/s) + (-4 - -1). Suppose -4*a - 2*c - c + f = 0, 3*c + 492 = 3*a. What is the tens digit of a?
5
Suppose 3*r + 5*q = 43, -5*r + 4*q + 40 = -44. Suppose 4*s + 0 - r = 0, -5*p + 9 = s. What is the units digit of ((-940)/15)/(p/(-3))?
8
Let s = 648 - -1815. Let x = -1703 + s. What is the tens digit of x?
6
Let g(b) = -244 + 132 + 130 + 39*b. What is the tens digit of g(3)?
3
Let k = 3329 + -1734. Suppose 12*p = 2053 + k. What is the hundreds digit of p?
3
Let g(r) be the first derivative of -r**3 - r**2/2 + 175*r + 45. What is the hundreds digit of g(0)?
1
Let x be (-1)/2 - (-1740)/24. Let w = 73 - x. What is the tens digit of (-1782)/(-88) - w/4?
2
Suppose 5*x - 21376 = i, 0 = 3*x - 2*i - 10891 - 1929. What is the hundreds digit of x?
2
Suppose 404*m = 406*m + 4. What is the tens digit of m + 454 - (5 + -5) - 2?
5
Let p = 4453 - 3873. What is the units digit of p?
0
Suppose -217*j + 3206908 = 469019. What is the hundreds digit of j?
6
Let m = 2128 - 1480. Let p = m - 113. What is the units digit of p?
5
Let y = 3 + 2. Let z be y + -11 + 1 + 3. What is the units digit of -1 - -288 - (-5 - z)?
0
Let s(z) = 22408*z**2 - 84*z - 82. What is the hundreds digit of s(-1)?
4
Let o = 37844 + -18734. What is the tens digit of o?
1
Suppose -7 - 9 = -i - 3*j, -4*i - j = -97. Suppose 2*c = -3*z + 18, -8*c + i = 4*z - 5*c. Suppose -z*k = -339 - 49. What is the tens digit of k?
9
Let b(n) = 42*n**3 + 2*n**2 - 113*n + 59. What is the hundreds digit of b(10)?
1
Suppose -2105 - 451 = -18*x. Let d = 400 - x. What i